actor of 33034666?
True
Is 259 a factor of 6037684?
False
Is 368 a factor of 278826240?
True
Is 104 a factor of 151079752?
False
Is 6206976 a multiple of 48?
True
Does 1143 divide 36173664?
True
Is 27754975 a multiple of 854?
False
Is 42 a factor of 589548284?
False
Does 48 divide 107059104?
True
Is 263940527 a multiple of 6?
False
Is 26017402 a multiple of 57?
False
Is 436 a factor of 254021448?
True
Is 498 a factor of 48727450?
False
Does 1280 divide 157973760?
True
Is 1046763701 a multiple of 9?
False
Does 1067 divide 69023884?
False
Is 19995288 a multiple of 12?
True
Does 112 divide 164331440?
True
Is 1537792188 a multiple of 280?
False
Is 24 a factor of 286009092?
False
Does 450 divide 18331200?
True
Is 3189 a factor of 217429209?
True
Is 466 a factor of 2494724010?
True
Is 267 a factor of 71792872?
False
Is 38323808 a multiple of 758?
False
Is 8 a factor of 19142855?
False
Is 63326502 a multiple of 28?
False
Is 9 a factor of 463290948?
True
Is 663 a factor of 5911971?
True
Is 945 a factor of 1160459390?
False
Does 5 divide 26976647?
False
Does 11 divide 323601124?
True
Is 22 a factor of 15186732?
True
Does 648 divide 1964053656?
True
Does 2054 divide 22265360?
True
Is 668634038 a multiple of 1343?
True
Does 17 divide 25461383?
False
Is 386 a factor of 530195175?
False
Is 2 a factor of 6310577?
False
Is 4324856 a multiple of 74?
True
Does 13 divide 54282704?
False
Is 14038221 a multiple of 354?
False
Is 241 a factor of 227727771?
False
Does 93 divide 345411672?
True
Is 19135194 a multiple of 169?
True
Is 207948570 a multiple of 537?
False
Is 150805512 a multiple of 143?
True
Does 14 divide 8002760?
False
Does 2 divide 38648187?
False
Is 1303398826 a multiple of 42?
False
Does 54 divide 55560276?
True
Is 128191740 a multiple of 206?
True
Does 28 divide 1065664627?
False
Is 412096674 a multiple of 336?
False
Is 19450527 a multiple of 17?
False
Is 982 a factor of 103428168?
True
Is 7 a factor of 4087783?
True
Is 29867350 a multiple of 339?
False
Does 2013 divide 124217044?
False
Is 134 a factor of 1668787?
False
Does 3260 divide 2658640840?
True
Does 13 divide 403905268?
True
Is 642 a factor of 3831174225?
False
Is 1954689483 a multiple of 10?
False
Is 9299318 a multiple of 827?
False
Is 298 a factor of 527086606?
True
Is 7175363094 a multiple of 15?
False
Does 7 divide 28905904?
False
Is 1040 a factor of 173623982?
False
Is 9 a factor of 315790926?
False
Is 33 a factor of 1527385?
False
Does 336 divide 23068752?
True
Is 5985557 a multiple of 4?
False
Is 8 a factor of 120755656?
True
Is 36015958 a multiple of 451?
True
Is 1594 a factor of 1143029084?
False
Does 26 divide 865611994?
True
Is 21971460 a multiple of 10?
True
Does 25 divide 4630700?
True
Is 491717632 a multiple of 112?
True
Is 23102478 a multiple of 3039?
True
Does 350 divide 9111200?
True
Does 1139 divide 138861032?
False
Is 34156888 a multiple of 446?
False
Does 2003 divide 31277462?
False
Is 18972749 a multiple of 281?
False
Is 5005162470 a multiple of 462?
True
Does 8 divide 942111?
False
Does 642 divide 166153176?
False
Is 191 a factor of 2245312342?
True
Is 1103 a factor of 167505183?
False
Is 880438112 a multiple of 4297?
True
Does 1372 divide 114457728?
True
Is 25 a factor of 396329675?
True
Is 21322888 a multiple of 4?
True
Is 4206 a factor of 3046104380?
False
Is 126866493 a multiple of 633?
True
Does 365 divide 1853370837?
False
Is 4518707 a multiple of 391?
False
Is 1844690686 a multiple of 94?
True
Does 242 divide 1075775678?
False
Is 10 a factor of 116233905?
False
Does 2685 divide 84067350?
True
Does 857 divide 1096652337?
True
Is 138764240 a multiple of 146?
True
Is 32330016 a multiple of 216?
True
Is 85 a factor of 1198088685?
True
Is 477767485 a multiple of 35?
False
Is 6096 a factor of 2000682816?
True
Is 19 a factor of 450581851?
False
Does 69 divide 34138578?
True
Is 61433327 a multiple of 19?
True
Is 21 a factor of 8786925?
True
Is 592745627 a multiple of 570?
False
Is 20 a factor of 685064580?
True
Is 92547958 a multiple of 171?
False
Does 1071 divide 1589821281?
False
Is 1170 a factor of 25740?
True
Is 2 a factor of 79878651?
False
Is 150 a factor of 20353458?
False
Is 174883805 a multiple of 3?
False
Does 229 divide 5000436214?
True
Does 1778 divide 624078?
True
Is 28671473 a multiple of 640?
False
Does 39 divide 79072685?
False
Does 122 divide 221910680?
True
Is 3012 a factor of 1353674124?
True
Does 77 divide 74575578?
True
Is 306770525 a multiple of 425?
True
Is 2733 a factor of 797172372?
True
Is 24078411 a multiple of 21?
True
Does 554 divide 854992078?
True
Does 2 divide 11120302?
True
Is 9 a factor of 213686442?
True
Does 5900 divide 658628668?
False
Does 45 divide 4299265?
False
Is 29273046 a multiple of 671?
True
Is 12066 a factor of 565292255?
False
Is 9385408 a multiple of 176?
False
Does 1289 divide 14552810?
True
Is 12182087 a multiple of 32?
False
Does 97 divide 249634037?
False
Does 16 divide 888083552?
True
Is 2369803735 a multiple of 335?
True
Is 103255361 a multiple of 1639?
True
Is 123852522 a multiple of 4?
False
Does 1203 divide 4784540980?
False
Is 19939207 a multiple of 168?
False
Is 56427337 a multiple of 409?
False
Is 607 a factor of 17702160?
False
Is 144 a factor of 8183088?
True
Is 1781766280 a multiple of 28?
True
Is 1972649908 a multiple of 1154?
True
Does 51 divide 22387895?
False
Is 19467682 a multiple of 179?
True
Is 20 a factor of 26849712?
False
Is 6504498 a multiple of 462?
True
Is 8195227 a multiple of 3?
False
Is 5 a factor of 2196681?
False
Does 1856 divide 14085291?
False
Is 628835045 a multiple of 1410?
False
Does 124 divide 72509248?
True
Is 218439594 a multiple of 25?
False
Is 84736550 a multiple of 612?
False
Is 36046072 a multiple of 610?
False
Is 323 a factor of 53158382?
False
Is 66373860 a multiple of 460?
True
Does 90 divide 129074130?
True
Is 367399164 a multiple of 33?
True
Is 414 a factor of 47864225?
False
Is 134 a factor of 25431860?
True
Does 179 divide 239991565?
True
Does 64 divide 1884042158?
False
Is 916 a factor of 114426542?
False
Is 1627555405 a multiple of 10431?
False
Is 16645527 a multiple of 27?
True
Does 38 divide 1626258792?
True
Does 5895 divide 745693920?
True
Does 2 divide 10483232?
True
Does 4089 divide 13865454?
False
Is 5 a factor of 6092745?
True
Is 57 a factor of 16704306?
True
Is 25 a factor of 17981545?
False
Does 1085 divide 103367950?
True
Does 38 divide 373958?
True
Is 68 a factor of 26070452?
True
Is 9234481 a multiple of 11?
False
Does 1436 divide 43638604?
True
Is 19499782 a multiple of 69?
False
Is 7 a factor of 506941477?
True
Does 44 divide 1912064?
True
Is 1579 a factor of 12908568?
False
Is 1708583452 a multiple of 504?
False
Is 3 a factor of 4830348?
True
Is 124237308 a multiple of 52?
True
Does 119 divide 153431222?
True
Is 3400 a factor of 278885000?
True
Is 763152516 a multiple of 522?
True
Does 7789 divide 912691653?
True
Is 91401574 a multiple of 53?
True
Does 7 divide 1745417205?
True
Is 102344043 a multiple of 1080?
False
Is 54646992 a multiple of 681?
False
Is 22666002 a multiple of 97?
False
Is 7 a factor of 4270358?
False
Is 166 a factor of 143840328?
True
Is 58156640 a multiple of 41?
False
Does 1263 divide 44277973?
False
Does 913 divide 973420514?
True
Is 8231553 a multiple of 201?
True
Does 3372 divide 265912293?
False
Does 334 divide 17408748?
True
Is 33760350 a multiple of 450?
True
Is 14 a factor of 45015622?
False
Is 651 a factor of 262515099?
True
Does 2042 divide 22968416?
True
Does 363 divide 124659282?
True
Is 665 a factor of 444888349?
False
Is 200249694 a multiple of 81?
False
Is 875231291 a multiple of 18?
False
Does 165 divide 4680840036?
False
Is 17159667 a multiple of 9?
False
Is 35 a factor of 2676311855?
True
Does 3079 divide 31687934?
False
Is 190 a factor of 145545049?
False
Is 3019 a factor of 6941495574?
False
Does 1345 divide 1501595660?
True
Is 9894 a factor of 7084519548?
True
Is 47068702 a multiple of 878?
True
Does 21 divide 111853657?
False
Is 701 a factor of 262234286?
True
Does 670 divide 5188194580?
True
Does 1189 divide 37989739?
True
Is 7706922 a multiple of 146?
False
Is 1826273582 a multiple of 303?
False
Is 632575184 a multiple of 566?
True
Is 82 a factor of 51353138?
False
Is 453 a factor of 19927017?
True
Does 44